{"id":4141,"date":"2016-12-30T08:19:05","date_gmt":"2016-12-30T08:19:05","guid":{"rendered":"http:\/\/attorney-at-law.cmsmasters.net\/?page_id=4141"},"modified":"2022-03-07T17:49:25","modified_gmt":"2022-03-07T20:49:25","slug":"sobreaempresa","status":"publish","type":"page","link":"https:\/\/ccladv.com.br\/index.php\/sobreaempresa\/","title":{"rendered":"SOBRE A EMPRESA"},"content":{"rendered":"<p>[vc_row gap=&#8221;30&#8243; enable_overlay=&#8221;enable_overlay_value&#8221; overlay_color=&#8221;rgba(0,0,0,0.39)&#8221; overlay_pattern=&#8221;09.png&#8221; overlay_pattern_opacity=&#8221;0.8&#8243; overlay_pattern_size=&#8221;0.9&#8243; seperator_enable=&#8221;seperator_enable_value&#8221; seperator_type=&#8221;xlarge_triangle_seperator&#8221; seperator_position=&#8221;bottom_seperator&#8221; seperator_svg_height=&#8221;60&#8243; seperator_shape_background=&#8221;#ffffff&#8221; css=&#8221;.vc_custom_1505457418462{padding-top: 0px !important;padding-bottom: 0px !important;}&#8221;][vc_column][vc_custom_heading text=&#8221;CONHE\u00c7A A CCLADV&#8221; font_container=&#8221;tag:h2|font_size:26px|text_align:left|line_height:34px&#8221; google_fonts=&#8221;font_family:Adamina%3Aregular|font_style:400%20regular%3A400%3Anormal&#8221; css=&#8221;.vc_custom_1644938912671{margin-bottom: 25px !important;}&#8221;][vc_column_text]Fundado em 2012, o Escrit\u00f3rio Caetano &amp; Castro Lima Sociedade de Advogados se dedica a presta\u00e7\u00e3o de servi\u00e7os advocat\u00edcios, atuando de forma preventiva e contenciosa, nas seguintes \u00e1reas do Direito: civil, consumidor, fam\u00edlia, sucess\u00f5es, empresarial, trabalhista, previdenci\u00e1rio e criminal.<br \/>\nFormado por dois s\u00f3cios, ambos p\u00f3s-graduados e com s\u00f3lida experi\u00eancia jur\u00eddica, o Escrit\u00f3rio Caetano &amp; Castro Lima Sociedade de Advogados se destaca pela presta\u00e7\u00e3o de servi\u00e7os personalizados, que se adequam \u00e0s necessidades espec\u00edficas de seus clientes, objetivando sempre excel\u00eancia na presta\u00e7\u00e3o dos servi\u00e7os.[\/vc_column_text][\/vc_column][\/vc_row]<\/p>\n","protected":false},"excerpt":{"rendered":"<p>[vc_row gap=&#8221;30&#8243; enable_overlay=&#8221;enable_overlay_value&#8221; overlay_color=&#8221;rgba(0,0,0,0.39)&#8221; overlay_pattern=&#8221;09.png&#8221; overlay_pattern_opacity=&#8221;0.8&#8243; overlay_pattern_size=&#8221;0.9&#8243; seperator_enable=&#8221;seperator_enable_value&#8221; seperator_type=&#8221;xlarge_triangle_seperator&#8221; seperator_position=&#8221;bottom_seperator&#8221; seperator_svg_height=&#8221;60&#8243; seperator_shape_background=&#8221;#ffffff&#8221; css=&#8221;.vc_custom_1505457418462{padding-top: 0px !important;padding-bottom: 0px !important;}&#8221;][vc_column][vc_custom_heading text=&#8221;CONHE\u00c7A A CCLADV&#8221; font_container=&#8221;tag:h2|font_size:26px|text_align:left|line_height:34px&#8221; google_fonts=&#8221;font_family:Adamina%3Aregular|font_style:400%20regular%3A400%3Anormal&#8221; css=&#8221;.vc_custom_1644938912671{margin-bottom: 25px !important;}&#8221;][vc_column_text]Fundado em 2012, o Escrit\u00f3rio Caetano &amp; Castro Lima Sociedade de Advogados se dedica a presta\u00e7\u00e3o de servi\u00e7os advocat\u00edcios, atuando de forma preventiva e contenciosa, nas seguintes \u00e1reas do Direito: civil, [&hellip;]<\/p>\n","protected":false},"author":1,"featured_media":0,"parent":0,"menu_order":0,"comment_status":"closed","ping_status":"closed","template":"","meta":{"footnotes":""},"class_list":["post-4141","page","type-page","status-publish","hentry"],"yoast_head":"<!-- This site is optimized with the Yoast SEO plugin v19.4 - https:\/\/yoast.com\/wordpress\/plugins\/seo\/ -->\n<title>SOBRE A EMPRESA - CAETANO<\/title>\n<meta name=\"robots\" content=\"index, follow, max-snippet:-1, max-image-preview:large, max-video-preview:-1\" \/>\n<link rel=\"canonical\" href=\"https:\/\/ccladv.com.br\/index.php\/sobreaempresa\/\" \/>\n<meta property=\"og:locale\" content=\"pt_BR\" \/>\n<meta property=\"og:type\" content=\"article\" \/>\n<meta property=\"og:title\" content=\"SOBRE A EMPRESA - CAETANO\" \/>\n<meta property=\"og:description\" content=\"[vc_row gap=&#8221;30&#8243; enable_overlay=&#8221;enable_overlay_value&#8221; overlay_color=&#8221;rgba(0,0,0,0.39)&#8221; overlay_pattern=&#8221;09.png&#8221; overlay_pattern_opacity=&#8221;0.8&#8243; overlay_pattern_size=&#8221;0.9&#8243; seperator_enable=&#8221;seperator_enable_value&#8221; seperator_type=&#8221;xlarge_triangle_seperator&#8221; seperator_position=&#8221;bottom_seperator&#8221; seperator_svg_height=&#8221;60&#8243; seperator_shape_background=&#8221;#ffffff&#8221; css=&#8221;.vc_custom_1505457418462{padding-top: 0px !important;padding-bottom: 0px !important;}&#8221;][vc_column][vc_custom_heading text=&#8221;CONHE\u00c7A A CCLADV&#8221; font_container=&#8221;tag:h2|font_size:26px|text_align:left|line_height:34px&#8221; google_fonts=&#8221;font_family:Adamina%3Aregular|font_style:400%20regular%3A400%3Anormal&#8221; css=&#8221;.vc_custom_1644938912671{margin-bottom: 25px !important;}&#8221;][vc_column_text]Fundado em 2012, o Escrit\u00f3rio Caetano &amp; Castro Lima Sociedade de Advogados se dedica a presta\u00e7\u00e3o de servi\u00e7os advocat\u00edcios, atuando de forma preventiva e contenciosa, nas seguintes \u00e1reas do Direito: civil, [&hellip;]\" \/>\n<meta property=\"og:url\" content=\"https:\/\/ccladv.com.br\/index.php\/sobreaempresa\/\" \/>\n<meta property=\"og:site_name\" content=\"CAETANO\" \/>\n<meta property=\"article:modified_time\" content=\"2022-03-07T20:49:25+00:00\" \/>\n<meta name=\"twitter:card\" content=\"summary_large_image\" \/>\n<meta name=\"twitter:label1\" content=\"Est. tempo de leitura\" \/>\n\t<meta name=\"twitter:data1\" content=\"1 minuto\" \/>\n<script type=\"application\/ld+json\" class=\"yoast-schema-graph\">{\"@context\":\"https:\/\/schema.org\",\"@graph\":[{\"@type\":\"Organization\",\"@id\":\"https:\/\/ccladv.com.br\/#organization\",\"name\":\"CAETANO\",\"url\":\"https:\/\/ccladv.com.br\/\",\"sameAs\":[],\"logo\":{\"@type\":\"ImageObject\",\"inLanguage\":\"pt-BR\",\"@id\":\"https:\/\/ccladv.com.br\/#\/schema\/logo\/image\/\",\"url\":\"https:\/\/ccladv.com.br\/wp-content\/uploads\/2021\/03\/logo.png\",\"contentUrl\":\"https:\/\/ccladv.com.br\/wp-content\/uploads\/2021\/03\/logo.png\",\"width\":230,\"height\":60,\"caption\":\"CAETANO\"},\"image\":{\"@id\":\"https:\/\/ccladv.com.br\/#\/schema\/logo\/image\/\"}},{\"@type\":\"WebSite\",\"@id\":\"https:\/\/ccladv.com.br\/#website\",\"url\":\"https:\/\/ccladv.com.br\/\",\"name\":\"CAETANO\",\"description\":\"Adocacia Criminal e Trabalhista\",\"publisher\":{\"@id\":\"https:\/\/ccladv.com.br\/#organization\"},\"potentialAction\":[{\"@type\":\"SearchAction\",\"target\":{\"@type\":\"EntryPoint\",\"urlTemplate\":\"https:\/\/ccladv.com.br\/?s={search_term_string}\"},\"query-input\":\"required name=search_term_string\"}],\"inLanguage\":\"pt-BR\"},{\"@type\":\"WebPage\",\"@id\":\"https:\/\/ccladv.com.br\/index.php\/sobreaempresa\/\",\"url\":\"https:\/\/ccladv.com.br\/index.php\/sobreaempresa\/\",\"name\":\"SOBRE A EMPRESA - CAETANO\",\"isPartOf\":{\"@id\":\"https:\/\/ccladv.com.br\/#website\"},\"datePublished\":\"2016-12-30T08:19:05+00:00\",\"dateModified\":\"2022-03-07T20:49:25+00:00\",\"breadcrumb\":{\"@id\":\"https:\/\/ccladv.com.br\/index.php\/sobreaempresa\/#breadcrumb\"},\"inLanguage\":\"pt-BR\",\"potentialAction\":[{\"@type\":\"ReadAction\",\"target\":[\"https:\/\/ccladv.com.br\/index.php\/sobreaempresa\/\"]}]},{\"@type\":\"BreadcrumbList\",\"@id\":\"https:\/\/ccladv.com.br\/index.php\/sobreaempresa\/#breadcrumb\",\"itemListElement\":[{\"@type\":\"ListItem\",\"position\":1,\"name\":\"Home\",\"item\":\"https:\/\/ccladv.com.br\/\"},{\"@type\":\"ListItem\",\"position\":2,\"name\":\"SOBRE A EMPRESA\"}]}]}<\/script>\n<!-- \/ Yoast SEO plugin. -->","yoast_head_json":{"title":"SOBRE A EMPRESA - CAETANO","robots":{"index":"index","follow":"follow","max-snippet":"max-snippet:-1","max-image-preview":"max-image-preview:large","max-video-preview":"max-video-preview:-1"},"canonical":"https:\/\/ccladv.com.br\/index.php\/sobreaempresa\/","og_locale":"pt_BR","og_type":"article","og_title":"SOBRE A EMPRESA - CAETANO","og_description":"[vc_row gap=&#8221;30&#8243; enable_overlay=&#8221;enable_overlay_value&#8221; overlay_color=&#8221;rgba(0,0,0,0.39)&#8221; overlay_pattern=&#8221;09.png&#8221; overlay_pattern_opacity=&#8221;0.8&#8243; overlay_pattern_size=&#8221;0.9&#8243; seperator_enable=&#8221;seperator_enable_value&#8221; seperator_type=&#8221;xlarge_triangle_seperator&#8221; seperator_position=&#8221;bottom_seperator&#8221; seperator_svg_height=&#8221;60&#8243; seperator_shape_background=&#8221;#ffffff&#8221; css=&#8221;.vc_custom_1505457418462{padding-top: 0px !important;padding-bottom: 0px !important;}&#8221;][vc_column][vc_custom_heading text=&#8221;CONHE\u00c7A A CCLADV&#8221; font_container=&#8221;tag:h2|font_size:26px|text_align:left|line_height:34px&#8221; google_fonts=&#8221;font_family:Adamina%3Aregular|font_style:400%20regular%3A400%3Anormal&#8221; css=&#8221;.vc_custom_1644938912671{margin-bottom: 25px !important;}&#8221;][vc_column_text]Fundado em 2012, o Escrit\u00f3rio Caetano &amp; Castro Lima Sociedade de Advogados se dedica a presta\u00e7\u00e3o de servi\u00e7os advocat\u00edcios, atuando de forma preventiva e contenciosa, nas seguintes \u00e1reas do Direito: civil, [&hellip;]","og_url":"https:\/\/ccladv.com.br\/index.php\/sobreaempresa\/","og_site_name":"CAETANO","article_modified_time":"2022-03-07T20:49:25+00:00","twitter_card":"summary_large_image","twitter_misc":{"Est. tempo de leitura":"1 minuto"},"schema":{"@context":"https:\/\/schema.org","@graph":[{"@type":"Organization","@id":"https:\/\/ccladv.com.br\/#organization","name":"CAETANO","url":"https:\/\/ccladv.com.br\/","sameAs":[],"logo":{"@type":"ImageObject","inLanguage":"pt-BR","@id":"https:\/\/ccladv.com.br\/#\/schema\/logo\/image\/","url":"https:\/\/ccladv.com.br\/wp-content\/uploads\/2021\/03\/logo.png","contentUrl":"https:\/\/ccladv.com.br\/wp-content\/uploads\/2021\/03\/logo.png","width":230,"height":60,"caption":"CAETANO"},"image":{"@id":"https:\/\/ccladv.com.br\/#\/schema\/logo\/image\/"}},{"@type":"WebSite","@id":"https:\/\/ccladv.com.br\/#website","url":"https:\/\/ccladv.com.br\/","name":"CAETANO","description":"Adocacia Criminal e Trabalhista","publisher":{"@id":"https:\/\/ccladv.com.br\/#organization"},"potentialAction":[{"@type":"SearchAction","target":{"@type":"EntryPoint","urlTemplate":"https:\/\/ccladv.com.br\/?s={search_term_string}"},"query-input":"required name=search_term_string"}],"inLanguage":"pt-BR"},{"@type":"WebPage","@id":"https:\/\/ccladv.com.br\/index.php\/sobreaempresa\/","url":"https:\/\/ccladv.com.br\/index.php\/sobreaempresa\/","name":"SOBRE A EMPRESA - CAETANO","isPartOf":{"@id":"https:\/\/ccladv.com.br\/#website"},"datePublished":"2016-12-30T08:19:05+00:00","dateModified":"2022-03-07T20:49:25+00:00","breadcrumb":{"@id":"https:\/\/ccladv.com.br\/index.php\/sobreaempresa\/#breadcrumb"},"inLanguage":"pt-BR","potentialAction":[{"@type":"ReadAction","target":["https:\/\/ccladv.com.br\/index.php\/sobreaempresa\/"]}]},{"@type":"BreadcrumbList","@id":"https:\/\/ccladv.com.br\/index.php\/sobreaempresa\/#breadcrumb","itemListElement":[{"@type":"ListItem","position":1,"name":"Home","item":"https:\/\/ccladv.com.br\/"},{"@type":"ListItem","position":2,"name":"SOBRE A EMPRESA"}]}]}},"_links":{"self":[{"href":"https:\/\/ccladv.com.br\/index.php\/wp-json\/wp\/v2\/pages\/4141","targetHints":{"allow":["GET"]}}],"collection":[{"href":"https:\/\/ccladv.com.br\/index.php\/wp-json\/wp\/v2\/pages"}],"about":[{"href":"https:\/\/ccladv.com.br\/index.php\/wp-json\/wp\/v2\/types\/page"}],"author":[{"embeddable":true,"href":"https:\/\/ccladv.com.br\/index.php\/wp-json\/wp\/v2\/users\/1"}],"replies":[{"embeddable":true,"href":"https:\/\/ccladv.com.br\/index.php\/wp-json\/wp\/v2\/comments?post=4141"}],"version-history":[{"count":6,"href":"https:\/\/ccladv.com.br\/index.php\/wp-json\/wp\/v2\/pages\/4141\/revisions"}],"predecessor-version":[{"id":11269,"href":"https:\/\/ccladv.com.br\/index.php\/wp-json\/wp\/v2\/pages\/4141\/revisions\/11269"}],"wp:attachment":[{"href":"https:\/\/ccladv.com.br\/index.php\/wp-json\/wp\/v2\/media?parent=4141"}],"curies":[{"name":"wp","href":"https:\/\/api.w.org\/{rel}","templated":true}]}}